nd 121?
11
Calculate the highest common factor of 188 and 329.
47
Calculate the highest common divisor of 325 and 155.
5
What is the greatest common divisor of 3738 and 168?
42
What is the highest common divisor of 385 and 518?
7
Calculate the greatest common divisor of 336 and 1296.
48
Calculate the highest common divisor of 2 and 92.
2
Calculate the greatest common divisor of 5 and 112.
1
Calculate the greatest common factor of 133 and 357.
7
What is the highest common divisor of 252 and 90?
18
What is the highest common divisor of 91 and 112?
7
What is the greatest common factor of 20 and 3590?
10
Calculate the highest common factor of 1242 and 506.
46
Calculate the highest common divisor of 56 and 616.
56
What is the greatest common divisor of 162 and 2?
2
Calculate the highest common divisor of 90 and 1080.
90
Calculate the greatest common divisor of 225 and 50.
25
What is the highest common factor of 37 and 2479?
37
Calculate the highest common factor of 34777 and 166.
83
Calculate the greatest common factor of 35 and 308.
7
What is the highest common factor of 78 and 198?
6
Calculate the highest common factor of 30 and 375.
15
Calculate the highest common factor of 9 and 99.
9
What is the greatest common factor of 308 and 112?
28
What is the greatest common divisor of 948 and 300?
12
What is the highest common factor of 54 and 9018?
54
Calculate the greatest common factor of 13 and 2041.
13
What is the greatest common divisor of 780 and 65?
65
What is the highest common divisor of 56 and 2984?
8
What is the highest common divisor of 144 and 90?
18
Calculate the greatest common factor of 2 and 1646.
2
Calculate the highest common factor of 1864 and 72.
8
Calculate the greatest common factor of 40 and 370.
10
Calculate the greatest common divisor of 160 and 72.
8
What is the greatest common factor of 102 and 24?
6
Calculate the greatest common factor of 30 and 970.
10
Calculate the greatest common factor of 99 and 36.
9
Calculate the greatest common factor of 403 and 13.
13
What is the highest common factor of 3345 and 165?
15
Calculate the highest common divisor of 48 and 3672.
24
What is the greatest common factor of 126 and 1890?
126
What is the greatest common factor of 244 and 8?
4
Calculate the greatest common divisor of 299 and 1403.
23
Calculate the greatest common factor of 2727 and 81.
27
Calculate the greatest common factor of 36 and 9036.
36
What is the greatest common divisor of 8 and 5764?
4
Calculate the greatest common factor of 29 and 2378.
29
Calculate the greatest common factor of 273 and 585.
39
What is the highest common divisor of 1435 and 1640?
205
Calculate the greatest common divisor of 2670 and 30.
30
What is the greatest common divisor of 6 and 537?
3
Calculate the greatest common factor of 610 and 6832.
122
What is the greatest common factor of 3147 and 9?
3
Calculate the greatest common divisor of 14 and 56.
14
Calculate the greatest common divisor of 168 and 70.
14
Calculate the greatest common divisor of 18 and 315.
9
Calculate the highest common divisor of 6 and 267.
3
Calculate the highest common factor of 3100 and 124.
124
Calculate the greatest common factor of 160 and 180.
20
Calculate the greatest common divisor of 156 and 282.
6
Calculate the highest common factor of 4448 and 96.
32
What is the highest common factor of 3 and 285?
3
What is the highest common divisor of 140 and 455?
35
What is the greatest common factor of 536 and 22244?
268
Calculate the highest common factor of 2375 and 665.
95
What is the highest common factor of 3753 and 27?
27
Calculate the highest common divisor of 10553 and 2076.
173
What is the highest common factor of 680 and 17?
17
Calculate the greatest common divisor of 21 and 231.
21
Calculate the greatest common divisor of 187 and 2497.
11
What is the greatest common divisor of 5944 and 8?
8
What is the greatest common divisor of 668 and 8?
4
What is the highest common factor of 10 and 530?
10
Calculate the highest common factor of 1104 and 12.
12
Calculate the highest common divisor of 315 and 3885.
105
Calculate the greatest common divisor of 8 and 26.
2
Calculate the greatest common divisor of 58 and 232.
58
Calculate the greatest common factor of 55 and 270.
5
What is the greatest common factor of 5546 and 846?
94
Calculate the highest common factor of 75 and 1695.
15
Calculate the greatest common factor of 2679 and 57.
57
What is the highest common factor of 20 and 720?
20
Calculate the highest common factor of 413 and 1475.
59
What is the highest common factor of 47 and 30456?
47
What is the highest common factor of 43 and 5?
1
Calculate the greatest common factor of 17037 and 189.
27
Calculate the highest common divisor of 24 and 312.
24
What is the highest common divisor of 10 and 2560?
10
Calculate the highest common factor of 399 and 336.
21
Calculate the greatest common factor of 70 and 595.
35
Calculate the highest common divisor of 1672 and 792.
88
What is the greatest common factor of 3 and 393?
3
What is the greatest common divisor of 10 and 90?
10
What is the highest common factor of 1396 and 4?
4
What is the greatest common factor of 164 and 2542?
82
Calculate the greatest common factor of 1500 and 24.
12
Calculate the highest common factor of 848 and 159.
53
Calculate the greatest common divisor of 40868 and 204.
68
Calculate the greatest common factor of 48 and 10384.
16
Calculate the greatest common divisor of 390 and 30.
30
What is the highest common factor of 282 and 752?
94
Calculate the greatest common factor of 16250 and 260.
130
Calculate the greatest common factor of 20 and 430.
10
Calculate the greatest common factor of 10 and 190.
10
Calculate the greatest common divisor of 735 and 70.
35
What is the highest common factor of 25 and 60?
5
Calculate the highest common factor of 80 and 660.
20
Calculate the highest common factor of 576 and 128.
64
Calculate the highest common factor of 15738 and 258.
258
What is the greatest common factor of 1990 and 20?
10
Calculate the highest common factor of 5270 and 5.
5
What is the highest common divisor of 205 and 82?
41
Calculate the highest common factor of 76 and 9500.
76
Calculate the highest common divisor of 1722 and 42.
42
What is the greatest common divisor of 123 and 3444?
123
Calculate the highest common divisor of 27 and 1107.
27
Calculate the greatest common factor of 7833 and 21.
21
Calculate the greatest common divisor of 15 and 1905.
15
What is the greatest common factor of 391 and 935?
17
Calculate the greatest common divisor of 26 and 1066.
26
What is the highest common divisor of 5690 and 20?
10
What is the highest common divisor of 33 and 1683?
33
What is the greatest common divisor of 783 and 9?
9
Calculate the highest common factor of 121 and 55.
11
Calculate the greatest common divisor of 96 and 142.
2
Calculate the greatest common divisor of 195 and 455.
65
What is the greatest common factor of 3029 and 13?
13
Calculate the highest common factor of 18 and 1854.
18
What is the highest common divisor of 153 and 99?
9
What is the highest common divisor of 1141 and 7?
7
What is the highest common factor of 74 and 814?
74
Calculate the greatest common factor of 2187 and 12.
3
What is the greatest common factor of 17622 and 198?
198
Calculate the greatest common divisor of 22 and 27247.
11
What is the highest common factor of 33 and 3993?
33
Calculate the greatest common divisor of 160 and 64.
32
Calculate the greatest common factor of 71 and 1.
1
Calculate the highest common factor of 12879 and 53.
53
Calculate the greatest common factor of 129 and 1.
1
Calculate the highest common divisor of 498 and 258.
6
What is the greatest common factor of 132 and 144?
12
What is the greatest common factor of 5 and 6495?
5
What is the greatest common factor of 38376 and 702?
234
What is the greatest common divisor of 16385 and 29?
29
What is the greatest common factor of 22 and 484?
22
What is the highest common divisor of 361 and 418?
19
Calculate the highest common divisor of 3732 and 36.
12
Calculate the highest common factor of 20 and 3790.
10
Calculate the highest common factor of 118674 and 342.
342
What is the greatest common divisor of 36125 and 125?
125
Calculate the highest common fact